{"id":380,"date":"2022-03-16T09:34:39","date_gmt":"2022-03-16T12:34:39","guid":{"rendered":"http:\/\/www.fundacionurunday.org\/lae\/?page_id=380"},"modified":"2022-03-16T09:58:10","modified_gmt":"2022-03-16T12:58:10","slug":"capitulo-16-cuando-la-escultura-hace-memoria","status":"publish","type":"page","link":"http:\/\/www.fundacionurunday.org\/lae\/capitulo-16-cuando-la-escultura-hace-memoria\/","title":{"rendered":"Cap\u00edtulo 16 &#8211; Cuando la escultura hace memoria"},"content":{"rendered":"<p>[vc_row css_animation=&#8221;&#8221; row_type=&#8221;row&#8221; use_row_as_full_screen_section=&#8221;no&#8221; type=&#8221;full_width&#8221; angled_section=&#8221;no&#8221; text_align=&#8221;left&#8221; background_image_as_pattern=&#8221;without_pattern&#8221;][vc_column offset=&#8221;vc_hidden-sm vc_hidden-xs&#8221;][vc_empty_space height=&#8221;50px&#8221;][vc_row_inner row_type=&#8221;row&#8221; type=&#8221;grid&#8221; text_align=&#8221;left&#8221; css_animation=&#8221;&#8221;][vc_column_inner width=&#8221;2\/3&#8243;][vc_single_image image=&#8221;381&#8243; img_size=&#8221;full&#8221; qode_css_animation=&#8221;element_from_fade&#8221; transition_delay=&#8221;1&#8243;][vc_empty_space][vc_column_text]<\/p>\n<h2>Cuando la escultura hace memoria<\/h2>\n<p>[\/vc_column_text][vc_column_text]<span style=\"color: #999999; font-family: Lato; font-size: 12px;\">16 de Marzo, 2022 | Cap\u00edtulo 16<\/span>[\/vc_column_text][vc_empty_space][vc_column_text]<em><span style=\"font-size: 18px; background-color: #000000; color: #ffffff; padding-left: 10px; padding-right: 10px;\">Por Marcelo Nieto<\/span><\/em>[\/vc_column_text][vc_empty_space][vc_column_text el_class=&#8221;parrafo&#8221;]<\/p>\n<p style=\"font-size: 18px;\">Siempre la escultura tuvo vocaci\u00f3n de inmortalidad y aunque lo inmortal es una categor\u00eda inadmisible, las estatuas de los faraones contin\u00faan contemplando el cambiante mundo.<\/p>\n<p>&nbsp;<\/p>\n<p style=\"font-size: 18px;\">Siempre el arte, como todo lo humano, es hijo de su tiempo, sus delicias y tempestades. Queriendo o sin querer, documenta su contemporaneidad y en esa cualidad de perdurabilidad, la escultura hace memoria.<\/p>\n<p>&nbsp;<\/p>\n<p style=\"font-size: 18px;\">Tambi\u00e9n tiene la escultura un poder fulgurante: traducir en belleza el horror.<\/p>\n<p>&nbsp;<\/p>\n<p style=\"font-size: 18px;\">De eso se trata el &#8220;Monumento a los Ca\u00eddos en Margarita Bel\u00e9n&#8221; ubicado en la ruta 11 km 1042 en Margarita Bel\u00e9n, que fuera declarado Monumento Provincial y Patrimonio Hist\u00f3rico Cultural de la provincia del Chaco.<\/p>\n<p>[\/vc_column_text][vc_empty_space][vc_single_image image=&#8221;388&#8243; img_size=&#8221;full&#8221; alignment=&#8221;center&#8221; qode_css_animation=&#8221;element_from_fade&#8221;][vc_empty_space height=&#8221;20px&#8221;][vc_single_image image=&#8221;387&#8243; img_size=&#8221;full&#8221; alignment=&#8221;center&#8221; qode_css_animation=&#8221;element_from_fade&#8221;][vc_empty_space height=&#8221;10px&#8221;][vc_column_text]<\/p>\n<p style=\"font-size: 14px; text-align: center;\"><em><span style=\"font-size: 14px;\">El monumento a los ca\u00eddos en Margarita Bel\u00e9n, una obra ic\u00f3nica por la monumentalidad y el dram\u00e1tico testimonio. Levantado en el a\u00f1o 1997.\u00a0 La lista de los nombres grabados en el cartel est\u00e1 encabezada por una leyenda que dice: &#8220;Homenaje a los compa\u00f1eros peronistas montoneros fusilados el 13 de diciembre de 1976 por fuerzas conjuntas del Ej\u00e9rcito, la Polic\u00eda del Chaco y la colaboraci\u00f3n de civiles, durante la dicatuda militar. Memoria y gratitud a su sacrificio por la libertad de la Patria. Brille para ellos la luz que no tiene ocaso. Todos por la Memoria, la Verdad y la Justicia&#8221;. Fotograf\u00eda Gentileza: Gustavo Torres<br \/>\n<\/span><\/em><\/p>\n<p>[\/vc_column_text][vc_empty_space][vc_column_text el_class=&#8221;parrafo&#8221;]<\/p>\n<p style=\"font-size: 18px;\">(El mismo destino del mural \u201cArgentina. Dolor y esperanza\u201d, emplazado en el Aula magna de la UNNE de Resistencia de la artista Amanda Mayor de Pi\u00e9rola).<\/p>\n<p>&nbsp;<\/p>\n<p style=\"font-size: 18px;\">Dos obras de arte que gritan memoria, verdad y justicia.<\/p>\n<p>&nbsp;<\/p>\n<p style=\"font-size: 18px;\">El grupo escult\u00f3rico \u201cMasacre Margarita Bel\u00e9n, memoria para no olvidar\u201d, de Luis Jacinto D\u00edaz C\u00f3rdoba est\u00e1 ubicado en el lugar donde el 13 de diciembre de 1976 se produjo un masivo asesinato. De 18 metros de largo, tiene 22 figuras que representan a cada una de las v\u00edctimas.<\/p>\n<p>&nbsp;<\/p>\n<p style=\"font-size: 18px;\">En once meses de trabajo, D\u00edaz C\u00f3rdoba prepar\u00f3 una estructura met\u00e1lica que soporta 4 mil kilos de piedra reconstituida, lograda a trav\u00e9s de la mezcla de marmolina y cemento. Las figuras -colocadas sobre plataformas- recrean el momento del fusilamiento.<\/p>\n<p>&nbsp;<\/p>\n<p style=\"font-size: 18px;\">La monumental obra fue emplazada en el a\u00f1o 1997. La lista de los nombres grabados en el cartel est\u00e1 encabezada por una leyenda que dice: \u201cHomenaje a los compa\u00f1eros peronistas montoneros fusilados el 13 de diciembre de 1976 por fuerzas conjuntas del Ej\u00e9rcito, la Polic\u00eda del Chaco y la colaboraci\u00f3n de civiles, durante la dictadura militar. Memoria y gratitud a su sacrificio por la libertad de la Patria. Brille para ellos la luz que no tiene ocaso. Todos por la Memoria, la Verdad y la Justicia\u201d.<\/p>\n<p>&nbsp;<\/p>\n<p style=\"font-size: 18px;\">Seg\u00fan la versi\u00f3n oficial de aquella larga noche del \u00faltimo gobierno de facto, un grupo de Montoneros intent\u00f3 liberar a sus compa\u00f1eros, atacando al convoy donde eran trasladados y los militares repelieron la agresi\u00f3n matando en el lugar a casi todos los presos pol\u00edticos.<\/p>\n<p>&nbsp;<\/p>\n<p style=\"font-size: 18px;\">La investigaci\u00f3n prob\u00f3 que hubo un fusilamiento masivo, seguido de un asado donde el grupo paramilitar celebr\u00f3 la acci\u00f3n.<\/p>\n<p>&nbsp;<\/p>\n<p style=\"font-size: 18px;\">El monumento honra a Ema Cabral, Delicia Gonz\u00e1lez, N\u00e9stor Salas, Manuel Parodi Ocampo, Patricio Tierno, Luis Barco, Luis Fransen, Carlos Duarte, Carlos Zamudio, Mario Cuevas, Fernando Pi\u00e9rola, Luis D\u00edaz, Roberto Yedros, Reinaldo Zapata So\u00f1e, Carlos Caire, Carlos Terechuck y Julio Pereyra. Cinco cuerpos no pudieron ser identificados y s\u00f3lo tres familias recibieron los cuerpos a f\u00e9retro cerrado.<\/p>\n<p>&nbsp;<\/p>\n<p style=\"font-size: 18px;\">Luis Jacinto naci\u00f3 en Balnearia, provincia de C\u00f3rdoba, el 17 de julio de 1939. Desde peque\u00f1o incursion\u00f3 en el arte; se gradu\u00f3 en San Miguel de Tucum\u00e1n como Profesor de Bellas Artes. El destino quiso que ganara un premio en la provincia del Chaco y eso provoc\u00f3 que aqu\u00ed se radicara por m\u00e1s de 40 a\u00f1os. La \u00faltima parte de su vida transcurri\u00f3 en Colonia Ben\u00edtez.<\/p>\n<p>&nbsp;<\/p>\n<p style=\"font-size: 18px;\">De su trayectoria art\u00edstica se destaca en el a\u00f1o 1967 en Barranqueras, la creaci\u00f3n del Primer taller de Bellas Artes, del que fue su director. Tambi\u00e9n estuvo al frente de numerosos talleres de artes, del cual fue impulsor y profesor como en R\u00edo Grande, Ushuaia y Puerto Santa Cruz.<\/p>\n<p>&nbsp;<\/p>\n<p style=\"font-size: 18px;\">Se desempe\u00f1\u00f3 como director de Cultura, Turismo y Deportes de Colonia Ben\u00edtez y lleg\u00f3 a ser intendente de la localidad donde hizo su terru\u00f1o.<\/p>\n<p>&nbsp;<\/p>\n<p style=\"font-size: 18px;\">Entre sus obras m\u00e1s destacadas cabe mencionar la creaci\u00f3n del Escudo de Colonia Ben\u00edtez adoptado en 1983. Como as\u00ed tambi\u00e9n el monumento emplazado en el acceso principal de la localidad con leyenda de autor\u00eda \u201cAqu\u00ed naci\u00f3 el Chaco. Capital Bot\u00e1nica del Chaco\u201d.<\/p>\n<p>&nbsp;<\/p>\n<p style=\"font-size: 18px;\">En 1996 emplaz\u00f3 dos obras de cinco metros de altura en Mercedes (provincia de La Pampa), simbolizando la matanza de Julio Argentino Roca, a nuestros patagones.<\/p>\n<p>&nbsp;<\/p>\n<p style=\"font-size: 18px;\">Su generosidad se patentiza en las muchas donaciones: a la escuela N\u00ba 10 \u201cBernardino Rivadavia\u201d un busto de Rivadavia; a la capilla del pueblo la escultura de un Cristo redentor; un gaucho a la entrada de su querido pueblo. Era com\u00fan escucharlo decir: \u201cLos hombres mueren, pero sus obras quedar\u00e1n\u201d. Muchos pueblos del Chaco patrimonian obra suya.<\/p>\n<p>&nbsp;<\/p>\n<p style=\"font-size: 18px;\">Seg\u00fan su hija Bettina, la obra diseminada en la provincia hace un total de 70, adem\u00e1s de tenerse contabilizadas 7 en Formosa, 1 en Misiones, 5 en Corrientes, 4 en C\u00f3rdoba, 2 en Santa Fe, 8 en Tierra del Fuego, 1 en Punta Arenas, Chile. Como as\u00ed tambi\u00e9n en Francia, Italia, Alemania, Espa\u00f1a, Paraguay y Estados Unidos.<\/p>\n<p>&nbsp;<\/p>\n<p style=\"font-size: 18px;\">Se lo recuerda como un defensor de los derechos humanos, luchador por la igualdad y la justicia social, as\u00ed como se lo recuerda en el pueblo recorriendo a caballo los campos junto al bot\u00e1nico Augusto Schulz. Era bohemio, pero el trabajo lo primordial en su vida.<\/p>\n<p>&nbsp;<\/p>\n<p style=\"font-size: 18px;\">Apasionado del arte y la educaci\u00f3n art\u00edstica, tuvo un compromiso militante hasta el \u00faltimo d\u00eda de su vida.<\/p>\n<p>[\/vc_column_text][vc_empty_space][vc_column_text el_class=&#8221;parrafo&#8221;]<\/p>\n<p>&nbsp;<\/p>\n<p style=\"font-size: 18px;\"><em>Contenidos: Virgina Quirelli<\/em><\/p>\n<p style=\"font-size: 18px;\"><em>Arte: Brian Ariel Dufek<\/em><\/p>\n<p>[\/vc_column_text][vc_empty_space height=&#8221;40px&#8221;][\/vc_column_inner][vc_column_inner width=&#8221;1\/3&#8243;][vc_widget_sidebar sidebar_id=&#8221;Menu Capitulos&#8221;][\/vc_column_inner][\/vc_row_inner][\/vc_column][\/vc_row][vc_row css_animation=&#8221;&#8221; row_type=&#8221;row&#8221; use_row_as_full_screen_section=&#8221;no&#8221; type=&#8221;full_width&#8221; angled_section=&#8221;no&#8221; text_align=&#8221;left&#8221; background_image_as_pattern=&#8221;without_pattern&#8221;][vc_column offset=&#8221;vc_hidden-lg vc_hidden-md&#8221; css=&#8221;.vc_custom_1647435490264{padding-right: 10% !important;padding-left: 10% !important;}&#8221;][vc_empty_space height=&#8221;50px&#8221;][vc_row_inner row_type=&#8221;row&#8221; type=&#8221;grid&#8221; text_align=&#8221;left&#8221; css_animation=&#8221;&#8221;][vc_column_inner width=&#8221;2\/3&#8243;][vc_single_image image=&#8221;381&#8243; img_size=&#8221;full&#8221; qode_css_animation=&#8221;element_from_fade&#8221; transition_delay=&#8221;1&#8243;][vc_empty_space][vc_column_text]<\/p>\n<h2>Cuando la escultura hace memoria<\/h2>\n<p>[\/vc_column_text][vc_column_text]<span style=\"color: #999999; font-family: Lato; font-size: 12px;\">16 de Marzo, 2022 | Cap\u00edtulo 16<\/span>[\/vc_column_text][vc_empty_space][vc_column_text]<em><span style=\"font-size: 18px; background-color: #000000; color: #ffffff; padding-left: 10px; padding-right: 10px;\">Por Marcelo Nieto<\/span><\/em>[\/vc_column_text][vc_empty_space][vc_column_text el_class=&#8221;parrafo&#8221;]<\/p>\n<p style=\"font-size: 18px;\">Siempre la escultura tuvo vocaci\u00f3n de inmortalidad y aunque lo inmortal es una categor\u00eda inadmisible, las estatuas de los faraones contin\u00faan contemplando el cambiante mundo.<\/p>\n<p>&nbsp;<\/p>\n<p style=\"font-size: 18px;\">Siempre el arte, como todo lo humano, es hijo de su tiempo, sus delicias y tempestades. Queriendo o sin querer, documenta su contemporaneidad y en esa cualidad de perdurabilidad, la escultura hace memoria.<\/p>\n<p>&nbsp;<\/p>\n<p style=\"font-size: 18px;\">Tambi\u00e9n tiene la escultura un poder fulgurante: traducir en belleza el horror.<\/p>\n<p>&nbsp;<\/p>\n<p style=\"font-size: 18px;\">De eso se trata el &#8220;Monumento a los Ca\u00eddos en Margarita Bel\u00e9n&#8221; ubicado en la ruta 11 km 1042 en Margarita Bel\u00e9n, que fuera declarado Monumento Provincial y Patrimonio Hist\u00f3rico Cultural de la provincia del Chaco.<\/p>\n<p>[\/vc_column_text][vc_empty_space][vc_single_image image=&#8221;388&#8243; img_size=&#8221;full&#8221; alignment=&#8221;center&#8221; qode_css_animation=&#8221;element_from_fade&#8221;][vc_empty_space height=&#8221;20px&#8221;][vc_single_image image=&#8221;387&#8243; img_size=&#8221;full&#8221; alignment=&#8221;center&#8221; qode_css_animation=&#8221;element_from_fade&#8221;][vc_empty_space height=&#8221;10px&#8221;][vc_column_text]<\/p>\n<p style=\"font-size: 14px; text-align: center;\"><em><span style=\"font-size: 14px;\">El monumento a los ca\u00eddos en Margarita Bel\u00e9n, una obra ic\u00f3nica por la monumentalidad y el dram\u00e1tico testimonio. Levantado en el a\u00f1o 1997.\u00a0 La lista de los nombres grabados en el cartel est\u00e1 encabezada por una leyenda que dice: &#8220;Homenaje a los compa\u00f1eros peronistas montoneros fusilados el 13 de diciembre de 1976 por fuerzas conjuntas del Ej\u00e9rcito, la Polic\u00eda del Chaco y la colaboraci\u00f3n de civiles, durante la dicatuda militar. Memoria y gratitud a su sacrificio por la libertad de la Patria. Brille para ellos la luz que no tiene ocaso. Todos por la Memoria, la Verdad y la Justicia&#8221;. Fotograf\u00eda Gentileza: Gustavo Torres<br \/>\n<\/span><\/em><\/p>\n<p>[\/vc_column_text][vc_empty_space][vc_column_text el_class=&#8221;parrafo&#8221;]<\/p>\n<p style=\"font-size: 18px;\">(El mismo destino del mural \u201cArgentina. Dolor y esperanza\u201d, emplazado en el Aula magna de la UNNE de Resistencia de la artista Amanda Mayor de Pi\u00e9rola).<\/p>\n<p>&nbsp;<\/p>\n<p style=\"font-size: 18px;\">Dos obras de arte que gritan memoria, verdad y justicia.<\/p>\n<p>&nbsp;<\/p>\n<p style=\"font-size: 18px;\">El grupo escult\u00f3rico \u201cMasacre Margarita Bel\u00e9n, memoria para no olvidar\u201d, de Luis Jacinto D\u00edaz C\u00f3rdoba est\u00e1 ubicado en el lugar donde el 13 de diciembre de 1976 se produjo un masivo asesinato. De 18 metros de largo, tiene 22 figuras que representan a cada una de las v\u00edctimas.<\/p>\n<p>&nbsp;<\/p>\n<p style=\"font-size: 18px;\">En once meses de trabajo, D\u00edaz C\u00f3rdoba prepar\u00f3 una estructura met\u00e1lica que soporta 4 mil kilos de piedra reconstituida, lograda a trav\u00e9s de la mezcla de marmolina y cemento. Las figuras -colocadas sobre plataformas- recrean el momento del fusilamiento.<\/p>\n<p>&nbsp;<\/p>\n<p style=\"font-size: 18px;\">La monumental obra fue emplazada en el a\u00f1o 1997. La lista de los nombres grabados en el cartel est\u00e1 encabezada por una leyenda que dice: \u201cHomenaje a los compa\u00f1eros peronistas montoneros fusilados el 13 de diciembre de 1976 por fuerzas conjuntas del Ej\u00e9rcito, la Polic\u00eda del Chaco y la colaboraci\u00f3n de civiles, durante la dictadura militar. Memoria y gratitud a su sacrificio por la libertad de la Patria. Brille para ellos la luz que no tiene ocaso. Todos por la Memoria, la Verdad y la Justicia\u201d.<\/p>\n<p>&nbsp;<\/p>\n<p style=\"font-size: 18px;\">Seg\u00fan la versi\u00f3n oficial de aquella larga noche del \u00faltimo gobierno de facto, un grupo de Montoneros intent\u00f3 liberar a sus compa\u00f1eros, atacando al convoy donde eran trasladados y los militares repelieron la agresi\u00f3n matando en el lugar a casi todos los presos pol\u00edticos.<\/p>\n<p>&nbsp;<\/p>\n<p style=\"font-size: 18px;\">La investigaci\u00f3n prob\u00f3 que hubo un fusilamiento masivo, seguido de un asado donde el grupo paramilitar celebr\u00f3 la acci\u00f3n.<\/p>\n<p>&nbsp;<\/p>\n<p style=\"font-size: 18px;\">El monumento honra a Ema Cabral, Delicia Gonz\u00e1lez, N\u00e9stor Salas, Manuel Parodi Ocampo, Patricio Tierno, Luis Barco, Luis Fransen, Carlos Duarte, Carlos Zamudio, Mario Cuevas, Fernando Pi\u00e9rola, Luis D\u00edaz, Roberto Yedros, Reinaldo Zapata So\u00f1e, Carlos Caire, Carlos Terechuck y Julio Pereyra. Cinco cuerpos no pudieron ser identificados y s\u00f3lo tres familias recibieron los cuerpos a f\u00e9retro cerrado.<\/p>\n<p>&nbsp;<\/p>\n<p style=\"font-size: 18px;\">Luis Jacinto naci\u00f3 en Balnearia, provincia de C\u00f3rdoba, el 17 de julio de 1939. Desde peque\u00f1o incursion\u00f3 en el arte; se gradu\u00f3 en San Miguel de Tucum\u00e1n como Profesor de Bellas Artes. El destino quiso que ganara un premio en la provincia del Chaco y eso provoc\u00f3 que aqu\u00ed se radicara por m\u00e1s de 40 a\u00f1os. La \u00faltima parte de su vida transcurri\u00f3 en Colonia Ben\u00edtez.<\/p>\n<p>&nbsp;<\/p>\n<p style=\"font-size: 18px;\">De su trayectoria art\u00edstica se destaca en el a\u00f1o 1967 en Barranqueras, la creaci\u00f3n del Primer taller de Bellas Artes, del que fue su director. Tambi\u00e9n estuvo al frente de numerosos talleres de artes, del cual fue impulsor y profesor como en R\u00edo Grande, Ushuaia y Puerto Santa Cruz.<\/p>\n<p>&nbsp;<\/p>\n<p style=\"font-size: 18px;\">Se desempe\u00f1\u00f3 como director de Cultura, Turismo y Deportes de Colonia Ben\u00edtez y lleg\u00f3 a ser intendente de la localidad donde hizo su terru\u00f1o.<\/p>\n<p>&nbsp;<\/p>\n<p style=\"font-size: 18px;\">Entre sus obras m\u00e1s destacadas cabe mencionar la creaci\u00f3n del Escudo de Colonia Ben\u00edtez adoptado en 1983. Como as\u00ed tambi\u00e9n el monumento emplazado en el acceso principal de la localidad con leyenda de autor\u00eda \u201cAqu\u00ed naci\u00f3 el Chaco. Capital Bot\u00e1nica del Chaco\u201d.<\/p>\n<p>&nbsp;<\/p>\n<p style=\"font-size: 18px;\">En 1996 emplaz\u00f3 dos obras de cinco metros de altura en Mercedes (provincia de La Pampa), simbolizando la matanza de Julio Argentino Roca, a nuestros patagones.<\/p>\n<p>&nbsp;<\/p>\n<p style=\"font-size: 18px;\">Su generosidad se patentiza en las muchas donaciones: a la escuela N\u00ba 10 \u201cBernardino Rivadavia\u201d un busto de Rivadavia; a la capilla del pueblo la escultura de un Cristo redentor; un gaucho a la entrada de su querido pueblo. Era com\u00fan escucharlo decir: \u201cLos hombres mueren, pero sus obras quedar\u00e1n\u201d. Muchos pueblos del Chaco patrimonian obra suya.<\/p>\n<p>&nbsp;<\/p>\n<p style=\"font-size: 18px;\">Seg\u00fan su hija Bettina, la obra diseminada en la provincia hace un total de 70, adem\u00e1s de tenerse contabilizadas 7 en Formosa, 1 en Misiones, 5 en Corrientes, 4 en C\u00f3rdoba, 2 en Santa Fe, 8 en Tierra del Fuego, 1 en Punta Arenas, Chile. Como as\u00ed tambi\u00e9n en Francia, Italia, Alemania, Espa\u00f1a, Paraguay y Estados Unidos.<\/p>\n<p>&nbsp;<\/p>\n<p style=\"font-size: 18px;\">Se lo recuerda como un defensor de los derechos humanos, luchador por la igualdad y la justicia social, as\u00ed como se lo recuerda en el pueblo recorriendo a caballo los campos junto al bot\u00e1nico Augusto Schulz. Era bohemio, pero el trabajo lo primordial en su vida.<\/p>\n<p>&nbsp;<\/p>\n<p style=\"font-size: 18px;\">Apasionado del arte y la educaci\u00f3n art\u00edstica, tuvo un compromiso militante hasta el \u00faltimo d\u00eda de su vida.<\/p>\n<p>[\/vc_column_text][vc_empty_space][vc_column_text el_class=&#8221;parrafo&#8221;]<\/p>\n<p>&nbsp;<\/p>\n<p style=\"font-size: 18px;\"><em>Contenidos: Virgina Quirelli<\/em><\/p>\n<p style=\"font-size: 18px;\"><em>Arte: Brian Ariel Dufek<\/em><\/p>\n<p>[\/vc_column_text][vc_empty_space height=&#8221;40px&#8221;][\/vc_column_inner][vc_column_inner width=&#8221;1\/3&#8243;][vc_widget_sidebar sidebar_id=&#8221;Menu Capitulos&#8221;][\/vc_column_inner][\/vc_row_inner][\/vc_column][\/vc_row][vc_row css_animation=&#8221;&#8221; row_type=&#8221;row&#8221; use_row_as_full_screen_section=&#8221;no&#8221; type=&#8221;full_width&#8221; angled_section=&#8221;no&#8221; text_align=&#8221;left&#8221; background_image_as_pattern=&#8221;without_pattern&#8221;][vc_column][vc_empty_space height=&#8221;120px&#8221;][vc_single_image image=&#8221;112&#8243; img_size=&#8221;full&#8221; alignment=&#8221;center&#8221; qode_css_animation=&#8221;&#8221;][vc_empty_space height=&#8221;60px&#8221;][\/vc_column][\/vc_row]<\/p>\n","protected":false},"excerpt":{"rendered":"<p>[vc_row css_animation=&#8221;&#8221; row_type=&#8221;row&#8221; use_row_as_full_screen_section=&#8221;no&#8221; type=&#8221;full_width&#8221; angled_section=&#8221;no&#8221; text_align=&#8221;left&#8221; background_image_as_pattern=&#8221;without_pattern&#8221;][vc_column offset=&#8221;vc_hidden-sm vc_hidden-xs&#8221;][vc_empty_space height=&#8221;50px&#8221;][vc_row_inner row_type=&#8221;row&#8221; type=&#8221;grid&#8221; text_align=&#8221;left&#8221; css_animation=&#8221;&#8221;][vc_column_inner width=&#8221;2\/3&#8243;][vc_single_image image=&#8221;381&#8243; img_size=&#8221;full&#8221; qode_css_animation=&#8221;element_from_fade&#8221; transition_delay=&#8221;1&#8243;][vc_empty_space][vc_column_text] Cuando la escultura hace memoria [\/vc_column_text][vc_column_text]16 de Marzo, 2022 | Cap\u00edtulo 16[\/vc_column_text][vc_empty_space][vc_column_text]Por Marcelo Nieto[\/vc_column_text][vc_empty_space][vc_column_text el_class=&#8221;parrafo&#8221;] Siempre la escultura tuvo vocaci\u00f3n de inmortalidad y aunque lo&#8230;<\/p>\n","protected":false},"author":1,"featured_media":0,"parent":0,"menu_order":0,"comment_status":"closed","ping_status":"closed","template":"full_width.php","meta":{"footnotes":""},"class_list":["post-380","page","type-page","status-publish","hentry"],"_links":{"self":[{"href":"http:\/\/www.fundacionurunday.org\/lae\/wp-json\/wp\/v2\/pages\/380","targetHints":{"allow":["GET"]}}],"collection":[{"href":"http:\/\/www.fundacionurunday.org\/lae\/wp-json\/wp\/v2\/pages"}],"about":[{"href":"http:\/\/www.fundacionurunday.org\/lae\/wp-json\/wp\/v2\/types\/page"}],"author":[{"embeddable":true,"href":"http:\/\/www.fundacionurunday.org\/lae\/wp-json\/wp\/v2\/users\/1"}],"replies":[{"embeddable":true,"href":"http:\/\/www.fundacionurunday.org\/lae\/wp-json\/wp\/v2\/comments?post=380"}],"version-history":[{"count":7,"href":"http:\/\/www.fundacionurunday.org\/lae\/wp-json\/wp\/v2\/pages\/380\/revisions"}],"predecessor-version":[{"id":393,"href":"http:\/\/www.fundacionurunday.org\/lae\/wp-json\/wp\/v2\/pages\/380\/revisions\/393"}],"wp:attachment":[{"href":"http:\/\/www.fundacionurunday.org\/lae\/wp-json\/wp\/v2\/media?parent=380"}],"curies":[{"name":"wp","href":"https:\/\/api.w.org\/{rel}","templated":true}]}}