{"id":436,"date":"2022-04-14T12:35:16","date_gmt":"2022-04-14T15:35:16","guid":{"rendered":"http:\/\/www.fundacionurunday.org\/lae\/?page_id=436"},"modified":"2022-04-14T12:45:44","modified_gmt":"2022-04-14T15:45:44","slug":"capitulo-20-proeza-constructiva-en-la-escultura-de-mimo-eidman","status":"publish","type":"page","link":"http:\/\/www.fundacionurunday.org\/lae\/capitulo-20-proeza-constructiva-en-la-escultura-de-mimo-eidman\/","title":{"rendered":"Cap\u00edtulo 20 &#8211; Proeza constructiva en la escultura de Mimo Eidman"},"content":{"rendered":"<p>[vc_row css_animation=&#8221;&#8221; row_type=&#8221;row&#8221; use_row_as_full_screen_section=&#8221;no&#8221; type=&#8221;full_width&#8221; angled_section=&#8221;no&#8221; text_align=&#8221;left&#8221; background_image_as_pattern=&#8221;without_pattern&#8221;][vc_column offset=&#8221;vc_hidden-sm vc_hidden-xs&#8221;][vc_empty_space height=&#8221;50px&#8221;][vc_row_inner row_type=&#8221;row&#8221; type=&#8221;grid&#8221; text_align=&#8221;left&#8221; css_animation=&#8221;&#8221;][vc_column_inner width=&#8221;2\/3&#8243;][vc_single_image image=&#8221;438&#8243; img_size=&#8221;full&#8221; qode_css_animation=&#8221;element_from_fade&#8221; transition_delay=&#8221;1&#8243;][vc_empty_space][vc_column_text]<\/p>\n<h2>Proeza constructiva en la escultura de Mimo Eidman<\/h2>\n<p>[\/vc_column_text][vc_column_text]<span style=\"color: #999999; font-family: Lato; font-size: 12px;\">14 de Abril, 2022 | Cap\u00edtulo 20<\/span>[\/vc_column_text][vc_empty_space][vc_column_text]<em><span style=\"font-size: 18px; background-color: #000000; color: #ffffff; padding-left: 10px; padding-right: 10px;\">Por Marcelo Nieto<\/span><\/em>[\/vc_column_text][vc_empty_space][vc_column_text el_class=&#8221;parrafo&#8221;]<\/p>\n<p style=\"font-size: 18px;\">Mimo Eidman naci\u00f3 en Buenos Aires. Desde 1963 reside en Resistencia. Arquitecta egresada de la UNNE. Estudi\u00f3 t\u00e9cnicas escult\u00f3ricas en el taller de su maestro Fabriciano. Desde 1984 recibe importantes premios y realiza muestras colectivas e individuales en museos, salones y concursos del pa\u00eds y del exterior. Poseen sus obras colecciones privadas y p\u00fablicas, nacionales y extranjeras como as\u00ed tambi\u00e9n, obras de gran tama\u00f1o en museos al aire libre.<\/p>\n<p>&nbsp;<\/p>\n<p style=\"font-size: 18px;\">La escultura de Mimo cautiva, como quien encuentra una joya tras abrir un cofre olvidado. Cautiva por su ideal de belleza, la terminaci\u00f3n laboriosa, la apostura galante; su imponencia, su intenci\u00f3n a lo sagrado. En su obra pareciera que nada es azaroso, que nada escapa a la ley f\u00edsica y encantada con la diversidad de la materia, elige la madera una vez, y otra el bronce y otra la resina, y otra el m\u00e1rmol y en un juego de conciliaciones suma las cadenas de hierro, el chaguar aborigen, el tiento de cuero. Con eficacia va de la sofisticaci\u00f3n a la s\u00edntesis austera. Siempre un atisbo de gloria en esas composiciones enclavadas, equilibradas, fuertes y misteriosas.<\/p>\n<p>&nbsp;<\/p>\n<p style=\"font-size: 18px;\">Dice Mimo que \u201csi alguien lograra decodificar mis soles y mis lunas podr\u00eda recorrer la profundidad de mi ser y todo aquello que, alguna vez, ni me atrev\u00eda a pensar, dejar\u00eda de ser estrictamente confidencial\u201d.<\/p>\n<p>&nbsp;<\/p>\n<p style=\"font-size: 18px;\"><strong>M\u00c9RITOS<\/strong><\/p>\n<p>&nbsp;<\/p>\n<p style=\"font-size: 18px;\">Obtuvo el 1er Premio &#8220;Gobierno de la Provincia de Santa Fe&#8221;, LXXI Sal\u00f3n Anual de Santa Fe, Santa Fe, Argentina (1994); Gran Premio de Honor, 25\u00ba Concurso de Escultura en Nieve, Sapporo, Jap\u00f3n (1998); 1er Premio, \u201cConcurso Capital Nacional de las Esculturas\u201d, Resistencia, Chaco, Argentina (2007). \u201cPremio Domingo Faustino Sarmiento\u201d, otorgado por el Honorable Senado de la Naci\u00f3n Argentina (2007). Declarada por la Municipalidad de Resistencia, Provincia del Chaco, Argentina: &#8220;Ciudadana Ejemplar&#8221;. Premio Consagraci\u00f3n al M\u00e9rito Art\u00edstico, edici\u00f3n 2009.<\/p>\n<p>&nbsp;<\/p>\n<p style=\"font-size: 18px;\">Adem\u00e1s de dedicarle tres d\u00e9cadas a las realizaciones de los Concursos de Escultura Nacionales e Internacionales, desde la Fundaci\u00f3n Urunday, trabaja y lucha para que nuestra capital sea identificada como \u201cla Ciudad de las Esculturas\u201d, haciendo del arte un bien de todos.<\/p>\n<p>&nbsp;<\/p>\n<p style=\"font-size: 18px;\"><strong><em>\u00bfC\u00f3mo y cu\u00e1ndo se le revel\u00f3 el arte de la escultura?<\/em><\/strong><\/p>\n<p>&nbsp;<\/p>\n<p style=\"font-size: 18px;\">Hace muchos a\u00f1os, por los 80. Creo que siempre estuvo en m\u00ed, pero no me daba cuenta. Mientras dibujaba en el tablero algunas ideas que burbujeaban en mi mente se produc\u00edan vac\u00edos y hasta que retomaba la idea hacia &#8220;cositas&#8221; con alg\u00fan material blando que ten\u00eda cerca. Gomas de borrar, tizas, miga de pan, todo serv\u00eda. Un d\u00eda lleg\u00f3 a mi estudio Fabriciano, convocado por un trabajo para la tumba de mi suegra. Tom\u00f3 una de mis &#8220;cositas&#8221; y me dijo: &#8220;Mimo, esto tiene escala monumental\u201d, pr\u00e1cticamente no valor\u00e9 su apreciaci\u00f3n y seguimos conversando del tema para el cual hab\u00eda sido convocado. Antes de partir me invit\u00f3 a ver su taller y si quer\u00eda trabajar en otro material y otra escala con alguna de mis &#8220;cositas&#8221; podr\u00eda hacerlo ah\u00ed. \u00a1Generoso, como siempre! Pas\u00f3 un tiempo, a veces pensaba en esa posibilidad&#8230; Decid\u00ed ir. Creo que \u00e9se fu\u00e9 el momento en que se me revel\u00f3 la escultura. \u00a1Ten\u00eda todo! pod\u00eda trabajar con todo lo que hab\u00eda ah\u00ed! \u00a1Estaba todo al alcance de mis manos! Las t\u00e9cnicas me fueron reveladas, los consejos y la gu\u00eda siempre estuvieron presentes. \u00bfC\u00f3mo no descubrir la evidencia? Sin saberlo, me comunicaba con lo profundo de m\u00ed ser.<\/p>\n<p>&nbsp;<\/p>\n<p style=\"font-size: 18px;\"><strong><em>\u00bfQu\u00e9 pensamientos, qu\u00e9 sentimientos disparan cuando se para frente a una obra reci\u00e9n acabada?<\/em><\/strong><\/p>\n<p>&nbsp;<\/p>\n<p style=\"font-size: 18px;\">No los tengo, no cuando est\u00e1 acabada recientemente. Despu\u00e9s de un largo tiempo me doy cuenta de los sentimientos que ten\u00eda mientras la estaba haciendo. \u00a1A veces, toda una revelaci\u00f3n! otras no tanto.<\/p>\n<p>&nbsp;<\/p>\n<p style=\"font-size: 18px;\"><strong><em>\u00bfQu\u00e9 apoyatura le ha dado la arquitectura a su escultura?<\/em><\/strong><\/p>\n<p>&nbsp;<\/p>\n<p style=\"font-size: 18px;\">\u00a1Fundamental para mi obra! pasando por la historia de la arquitectura y del arte hasta las t\u00e9cnicas, materiales, resistencias y c\u00e1lculos estructurales.<\/p>\n<p>&nbsp;<\/p>\n<p style=\"font-size: 18px;\"><strong><em>\u00bfSer mujer le allan\u00f3 o dificult\u00f3 los caminos? Tiempo atr\u00e1s una mujer escultor era casi una rareza, usted emerge como una Lola Mora chaque\u00f1a\u2026<\/em><\/strong><\/p>\n<p>&nbsp;<\/p>\n<p style=\"font-size: 18px;\">\u00a1Que generoso mi amigo! \u00a1Lola Mora, Chapeau! \u00a1Lo allan\u00f3 y lo dificult\u00f3! En un mundo machista, por ser mujer todos te ayudan, me refiero a la fuerza y a algunos recursos, \u00a1ellos tienen m\u00e1s posibilidades! Pero cuando se trata de valorar el trabajo y en el jurado todos son hombres me gustar\u00eda ser una mosquita&#8230; Estoy convencida de que si una mujer saca premios su obra tiene que ser indiscutible.<\/p>\n<p>&nbsp;<\/p>\n<p style=\"font-size: 18px;\"><strong><em>\u00bfD\u00f3nde se alimentan las ideas de sus obras?<\/em><\/strong><\/p>\n<p>&nbsp;<\/p>\n<p style=\"font-size: 18px;\">En la maternidad, las injusticias con los pueblos originarios, su pureza, sus culturas, la naturaleza, ataduras espirituales y quien sabe cu\u00e1ntas cosas m\u00e1s. Rara vez hago esculturas con un tema a pedido. Tengo que sentir lo que hago.<\/p>\n<p>&nbsp;<\/p>\n<p style=\"font-size: 18px;\"><strong><em>\u00bfCu\u00e1l es el poder de la est\u00e9tica en el esp\u00edritu humano?<\/em><\/strong><\/p>\n<p>&nbsp;<\/p>\n<p style=\"font-size: 18px;\">La est\u00e9tica es fundamental en la formaci\u00f3n del hombre, esencial en su equilibrio. Constituye y crea esos momentos de felicidad que a veces vivimos, muchas veces sin darnos cuenta, cuando experimentamos esa sensaci\u00f3n de plenitud o bienestar al observar algo agradable a nuestro esp\u00edritu.<\/p>\n<p>&nbsp;<\/p>\n<p style=\"font-size: 18px;\">Hay una amistad antigua, t\u00e1cita, incorruptible con el escultor Fabriciano. Juntos, y con la Fundaci\u00f3n Urunday trabajan con denuedo en la Resistencia escult\u00f3rica. Sin dudas, una de las claves de esa amistad\u2026<\/p>\n<p>&nbsp;<\/p>\n<p style=\"font-size: 18px;\"><strong><em>\u00bfDe d\u00f3nde ese empe\u00f1o que comparten de embellecer y jerarquizar su ciudad, de alimentar una identidad escult\u00f3rica, y tambi\u00e9n quisiera saber c\u00f3mo conoci\u00f3 a Fabriciano y qu\u00e9 virtudes admira de \u00e9l? <\/em><\/strong><\/p>\n<p>&nbsp;<\/p>\n<p style=\"font-size: 18px;\">Seguramente ese empe\u00f1o compartido nace de poner en pr\u00e1ctica un sentimiento genuino que tambi\u00e9n compartimos. Si so\u00f1amos con un mundo mejor para todos debemos construirlo desde nuestra posici\u00f3n, por m\u00e1s humilde que sea y por supuesto comenzando con nuestro entorno inmediato.<\/p>\n<p>&nbsp;<\/p>\n<p style=\"font-size: 18px;\">Lo conoc\u00ed porque, con mi familia, le encargamos un trabajo para la tumba de mi suegra. Estaba reci\u00e9n llegado de Europa. \u00bfVirtudes? \u00a1M\u00faltiples!: Generosidad, solidaridad, honestidad, respeto por la palabra empe\u00f1ada.<\/p>\n<p>&nbsp;<\/p>\n<p style=\"font-size: 18px;\"><strong><em>\u00bfQu\u00e9 artistas del Chaco la han inspirado? <\/em><\/strong><\/p>\n<p>&nbsp;<\/p>\n<p style=\"font-size: 18px;\">Creo que ninguno con respecto a mi imagen escult\u00f3rica. Con respecto a la profesionalidad sin lugar a dudas Fabriciano.<\/p>\n<p>&nbsp;<\/p>\n<p style=\"font-size: 18px;\"><strong><em>Si no hubiera sido escultora y arquitecta&#8230; \u00bfentre qu\u00e9 oficios y talentos se ver\u00eda c\u00f3moda? <\/em><\/strong><\/p>\n<p>&nbsp;<\/p>\n<p style=\"font-size: 18px;\">\u00a1Escribiendo, me gusta mucho! pero ser\u00eda a\u00fan m\u00e1s ermita\u00f1a. Quiz\u00e1 lo haga alg\u00fan d\u00eda&#8230; cuando el peso de las herramientas sea un obst\u00e1culo para comunicarme con mi interior.<\/p>\n<p>&nbsp;<\/p>\n<p style=\"font-size: 18px;\"><strong><em>Si digo \u201cChaco\u201d, \u00bfqu\u00e9 im\u00e1genes se disparan en su mente? <\/em><\/strong><\/p>\n<p>&nbsp;<\/p>\n<p style=\"font-size: 18px;\">Mi familia, mi casa, mi taller, las esculturas, mis amigos, Resistencia&#8230; Los pueblos originarios, los de adentro de este Chaco, su dolor&#8230;<\/p>\n<p>[\/vc_column_text][vc_empty_space][vc_single_image image=&#8221;439&#8243; img_size=&#8221;full&#8221; alignment=&#8221;center&#8221; qode_css_animation=&#8221;element_from_fade&#8221;][vc_empty_space height=&#8221;10px&#8221;][vc_column_text]<\/p>\n<p style=\"font-size: 14px; text-align: center;\"><em><span style=\"font-size: 14px;\">Cuando cantaba el Nvik\u00e9&#8221;, emplazada en el ingreso a Resistencia, capital del Chaco. Realizada en el a\u00f1o 1997.<br \/>\n<\/span><\/em><\/p>\n<p>[\/vc_column_text][vc_empty_space][vc_column_text el_class=&#8221;parrafo&#8221;]<\/p>\n<p>&nbsp;<\/p>\n<p style=\"font-size: 18px;\"><em>Contenidos: Virgina Quirelli<\/em><\/p>\n<p style=\"font-size: 18px;\"><em>Arte: Brian Ariel Dufek<\/em><\/p>\n<p>[\/vc_column_text][vc_empty_space height=&#8221;40px&#8221;][\/vc_column_inner][vc_column_inner width=&#8221;1\/3&#8243;][vc_widget_sidebar sidebar_id=&#8221;Menu Capitulos&#8221;][\/vc_column_inner][\/vc_row_inner][\/vc_column][\/vc_row][vc_row css_animation=&#8221;&#8221; row_type=&#8221;row&#8221; use_row_as_full_screen_section=&#8221;no&#8221; type=&#8221;full_width&#8221; angled_section=&#8221;no&#8221; text_align=&#8221;left&#8221; background_image_as_pattern=&#8221;without_pattern&#8221;][vc_column offset=&#8221;vc_hidden-lg vc_hidden-md&#8221; css=&#8221;.vc_custom_1649951144341{padding-right: 10% !important;padding-left: 10% !important;}&#8221;][vc_empty_space height=&#8221;50px&#8221;][vc_row_inner row_type=&#8221;row&#8221; type=&#8221;grid&#8221; text_align=&#8221;left&#8221; css_animation=&#8221;&#8221;][vc_column_inner width=&#8221;2\/3&#8243;][vc_single_image image=&#8221;438&#8243; img_size=&#8221;full&#8221; qode_css_animation=&#8221;element_from_fade&#8221; transition_delay=&#8221;1&#8243;][vc_empty_space][vc_column_text]<\/p>\n<h2>Proeza constructiva en la escultura de Mimo Eidman<\/h2>\n<p>[\/vc_column_text][vc_column_text]<span style=\"color: #999999; font-family: Lato; font-size: 12px;\">14 de Abril, 2022 | Cap\u00edtulo 20<\/span>[\/vc_column_text][vc_empty_space][vc_column_text]<em><span style=\"font-size: 18px; background-color: #000000; color: #ffffff; padding-left: 10px; padding-right: 10px;\">Por Marcelo Nieto<\/span><\/em>[\/vc_column_text][vc_empty_space][vc_column_text el_class=&#8221;parrafo&#8221;]<\/p>\n<p style=\"font-size: 18px;\">Mimo Eidman naci\u00f3 en Buenos Aires. Desde 1963 reside en Resistencia. Arquitecta egresada de la UNNE. Estudi\u00f3 t\u00e9cnicas escult\u00f3ricas en el taller de su maestro Fabriciano. Desde 1984 recibe importantes premios y realiza muestras colectivas e individuales en museos, salones y concursos del pa\u00eds y del exterior. Poseen sus obras colecciones privadas y p\u00fablicas, nacionales y extranjeras como as\u00ed tambi\u00e9n, obras de gran tama\u00f1o en museos al aire libre.<\/p>\n<p>&nbsp;<\/p>\n<p style=\"font-size: 18px;\">La escultura de Mimo cautiva, como quien encuentra una joya tras abrir un cofre olvidado. Cautiva por su ideal de belleza, la terminaci\u00f3n laboriosa, la apostura galante; su imponencia, su intenci\u00f3n a lo sagrado. En su obra pareciera que nada es azaroso, que nada escapa a la ley f\u00edsica y encantada con la diversidad de la materia, elige la madera una vez, y otra el bronce y otra la resina, y otra el m\u00e1rmol y en un juego de conciliaciones suma las cadenas de hierro, el chaguar aborigen, el tiento de cuero. Con eficacia va de la sofisticaci\u00f3n a la s\u00edntesis austera. Siempre un atisbo de gloria en esas composiciones enclavadas, equilibradas, fuertes y misteriosas.<\/p>\n<p>&nbsp;<\/p>\n<p style=\"font-size: 18px;\">Dice Mimo que \u201csi alguien lograra decodificar mis soles y mis lunas podr\u00eda recorrer la profundidad de mi ser y todo aquello que, alguna vez, ni me atrev\u00eda a pensar, dejar\u00eda de ser estrictamente confidencial\u201d.<\/p>\n<p>&nbsp;<\/p>\n<p style=\"font-size: 18px;\"><strong>M\u00c9RITOS<\/strong><\/p>\n<p>&nbsp;<\/p>\n<p style=\"font-size: 18px;\">Obtuvo el 1er Premio &#8220;Gobierno de la Provincia de Santa Fe&#8221;, LXXI Sal\u00f3n Anual de Santa Fe, Santa Fe, Argentina (1994); Gran Premio de Honor, 25\u00ba Concurso de Escultura en Nieve, Sapporo, Jap\u00f3n (1998); 1er Premio, \u201cConcurso Capital Nacional de las Esculturas\u201d, Resistencia, Chaco, Argentina (2007). \u201cPremio Domingo Faustino Sarmiento\u201d, otorgado por el Honorable Senado de la Naci\u00f3n Argentina (2007). Declarada por la Municipalidad de Resistencia, Provincia del Chaco, Argentina: &#8220;Ciudadana Ejemplar&#8221;. Premio Consagraci\u00f3n al M\u00e9rito Art\u00edstico, edici\u00f3n 2009.<\/p>\n<p>&nbsp;<\/p>\n<p style=\"font-size: 18px;\">Adem\u00e1s de dedicarle tres d\u00e9cadas a las realizaciones de los Concursos de Escultura Nacionales e Internacionales, desde la Fundaci\u00f3n Urunday, trabaja y lucha para que nuestra capital sea identificada como \u201cla Ciudad de las Esculturas\u201d, haciendo del arte un bien de todos.<\/p>\n<p>&nbsp;<\/p>\n<p style=\"font-size: 18px;\"><strong><em>\u00bfC\u00f3mo y cu\u00e1ndo se le revel\u00f3 el arte de la escultura?<\/em><\/strong><\/p>\n<p>&nbsp;<\/p>\n<p style=\"font-size: 18px;\">Hace muchos a\u00f1os, por los 80. Creo que siempre estuvo en m\u00ed, pero no me daba cuenta. Mientras dibujaba en el tablero algunas ideas que burbujeaban en mi mente se produc\u00edan vac\u00edos y hasta que retomaba la idea hacia &#8220;cositas&#8221; con alg\u00fan material blando que ten\u00eda cerca. Gomas de borrar, tizas, miga de pan, todo serv\u00eda. Un d\u00eda lleg\u00f3 a mi estudio Fabriciano, convocado por un trabajo para la tumba de mi suegra. Tom\u00f3 una de mis &#8220;cositas&#8221; y me dijo: &#8220;Mimo, esto tiene escala monumental\u201d, pr\u00e1cticamente no valor\u00e9 su apreciaci\u00f3n y seguimos conversando del tema para el cual hab\u00eda sido convocado. Antes de partir me invit\u00f3 a ver su taller y si quer\u00eda trabajar en otro material y otra escala con alguna de mis &#8220;cositas&#8221; podr\u00eda hacerlo ah\u00ed. \u00a1Generoso, como siempre! Pas\u00f3 un tiempo, a veces pensaba en esa posibilidad&#8230; Decid\u00ed ir. Creo que \u00e9se fu\u00e9 el momento en que se me revel\u00f3 la escultura. \u00a1Ten\u00eda todo! pod\u00eda trabajar con todo lo que hab\u00eda ah\u00ed! \u00a1Estaba todo al alcance de mis manos! Las t\u00e9cnicas me fueron reveladas, los consejos y la gu\u00eda siempre estuvieron presentes. \u00bfC\u00f3mo no descubrir la evidencia? Sin saberlo, me comunicaba con lo profundo de m\u00ed ser.<\/p>\n<p>&nbsp;<\/p>\n<p style=\"font-size: 18px;\"><strong><em>\u00bfQu\u00e9 pensamientos, qu\u00e9 sentimientos disparan cuando se para frente a una obra reci\u00e9n acabada?<\/em><\/strong><\/p>\n<p>&nbsp;<\/p>\n<p style=\"font-size: 18px;\">No los tengo, no cuando est\u00e1 acabada recientemente. Despu\u00e9s de un largo tiempo me doy cuenta de los sentimientos que ten\u00eda mientras la estaba haciendo. \u00a1A veces, toda una revelaci\u00f3n! otras no tanto.<\/p>\n<p>&nbsp;<\/p>\n<p style=\"font-size: 18px;\"><strong><em>\u00bfQu\u00e9 apoyatura le ha dado la arquitectura a su escultura?<\/em><\/strong><\/p>\n<p>&nbsp;<\/p>\n<p style=\"font-size: 18px;\">\u00a1Fundamental para mi obra! pasando por la historia de la arquitectura y del arte hasta las t\u00e9cnicas, materiales, resistencias y c\u00e1lculos estructurales.<\/p>\n<p>&nbsp;<\/p>\n<p style=\"font-size: 18px;\"><strong><em>\u00bfSer mujer le allan\u00f3 o dificult\u00f3 los caminos? Tiempo atr\u00e1s una mujer escultor era casi una rareza, usted emerge como una Lola Mora chaque\u00f1a\u2026<\/em><\/strong><\/p>\n<p>&nbsp;<\/p>\n<p style=\"font-size: 18px;\">\u00a1Que generoso mi amigo! \u00a1Lola Mora, Chapeau! \u00a1Lo allan\u00f3 y lo dificult\u00f3! En un mundo machista, por ser mujer todos te ayudan, me refiero a la fuerza y a algunos recursos, \u00a1ellos tienen m\u00e1s posibilidades! Pero cuando se trata de valorar el trabajo y en el jurado todos son hombres me gustar\u00eda ser una mosquita&#8230; Estoy convencida de que si una mujer saca premios su obra tiene que ser indiscutible.<\/p>\n<p>&nbsp;<\/p>\n<p style=\"font-size: 18px;\"><strong><em>\u00bfD\u00f3nde se alimentan las ideas de sus obras?<\/em><\/strong><\/p>\n<p>&nbsp;<\/p>\n<p style=\"font-size: 18px;\">En la maternidad, las injusticias con los pueblos originarios, su pureza, sus culturas, la naturaleza, ataduras espirituales y quien sabe cu\u00e1ntas cosas m\u00e1s. Rara vez hago esculturas con un tema a pedido. Tengo que sentir lo que hago.<\/p>\n<p>&nbsp;<\/p>\n<p style=\"font-size: 18px;\"><strong><em>\u00bfCu\u00e1l es el poder de la est\u00e9tica en el esp\u00edritu humano?<\/em><\/strong><\/p>\n<p>&nbsp;<\/p>\n<p style=\"font-size: 18px;\">La est\u00e9tica es fundamental en la formaci\u00f3n del hombre, esencial en su equilibrio. Constituye y crea esos momentos de felicidad que a veces vivimos, muchas veces sin darnos cuenta, cuando experimentamos esa sensaci\u00f3n de plenitud o bienestar al observar algo agradable a nuestro esp\u00edritu.<\/p>\n<p>&nbsp;<\/p>\n<p style=\"font-size: 18px;\">Hay una amistad antigua, t\u00e1cita, incorruptible con el escultor Fabriciano. Juntos, y con la Fundaci\u00f3n Urunday trabajan con denuedo en la Resistencia escult\u00f3rica. Sin dudas, una de las claves de esa amistad\u2026<\/p>\n<p>&nbsp;<\/p>\n<p style=\"font-size: 18px;\"><strong><em>\u00bfDe d\u00f3nde ese empe\u00f1o que comparten de embellecer y jerarquizar su ciudad, de alimentar una identidad escult\u00f3rica, y tambi\u00e9n quisiera saber c\u00f3mo conoci\u00f3 a Fabriciano y qu\u00e9 virtudes admira de \u00e9l? <\/em><\/strong><\/p>\n<p>&nbsp;<\/p>\n<p style=\"font-size: 18px;\">Seguramente ese empe\u00f1o compartido nace de poner en pr\u00e1ctica un sentimiento genuino que tambi\u00e9n compartimos. Si so\u00f1amos con un mundo mejor para todos debemos construirlo desde nuestra posici\u00f3n, por m\u00e1s humilde que sea y por supuesto comenzando con nuestro entorno inmediato.<\/p>\n<p>&nbsp;<\/p>\n<p style=\"font-size: 18px;\">Lo conoc\u00ed porque, con mi familia, le encargamos un trabajo para la tumba de mi suegra. Estaba reci\u00e9n llegado de Europa. \u00bfVirtudes? \u00a1M\u00faltiples!: Generosidad, solidaridad, honestidad, respeto por la palabra empe\u00f1ada.<\/p>\n<p>&nbsp;<\/p>\n<p style=\"font-size: 18px;\"><strong><em>\u00bfQu\u00e9 artistas del Chaco la han inspirado? <\/em><\/strong><\/p>\n<p>&nbsp;<\/p>\n<p style=\"font-size: 18px;\">Creo que ninguno con respecto a mi imagen escult\u00f3rica. Con respecto a la profesionalidad sin lugar a dudas Fabriciano.<\/p>\n<p>&nbsp;<\/p>\n<p style=\"font-size: 18px;\"><strong><em>Si no hubiera sido escultora y arquitecta&#8230; \u00bfentre qu\u00e9 oficios y talentos se ver\u00eda c\u00f3moda? <\/em><\/strong><\/p>\n<p>&nbsp;<\/p>\n<p style=\"font-size: 18px;\">\u00a1Escribiendo, me gusta mucho! pero ser\u00eda a\u00fan m\u00e1s ermita\u00f1a. Quiz\u00e1 lo haga alg\u00fan d\u00eda&#8230; cuando el peso de las herramientas sea un obst\u00e1culo para comunicarme con mi interior.<\/p>\n<p>&nbsp;<\/p>\n<p style=\"font-size: 18px;\"><strong><em>Si digo \u201cChaco\u201d, \u00bfqu\u00e9 im\u00e1genes se disparan en su mente? <\/em><\/strong><\/p>\n<p>&nbsp;<\/p>\n<p style=\"font-size: 18px;\">Mi familia, mi casa, mi taller, las esculturas, mis amigos, Resistencia&#8230; Los pueblos originarios, los de adentro de este Chaco, su dolor&#8230;<\/p>\n<p>[\/vc_column_text][vc_empty_space][vc_single_image image=&#8221;439&#8243; img_size=&#8221;full&#8221; alignment=&#8221;center&#8221; qode_css_animation=&#8221;element_from_fade&#8221;][vc_empty_space height=&#8221;10px&#8221;][vc_column_text]<\/p>\n<p style=\"font-size: 14px; text-align: center;\"><em><span style=\"font-size: 14px;\">Cuando cantaba el Nvik\u00e9&#8221;, emplazada en el ingreso a Resistencia, capital del Chaco. Realizada en el a\u00f1o 1997.<br \/>\n<\/span><\/em><\/p>\n<p>[\/vc_column_text][vc_empty_space][vc_column_text el_class=&#8221;parrafo&#8221;]<\/p>\n<p>&nbsp;<\/p>\n<p style=\"font-size: 18px;\"><em>Contenidos: Virgina Quirelli<\/em><\/p>\n<p style=\"font-size: 18px;\"><em>Arte: Brian Ariel Dufek<\/em><\/p>\n<p>[\/vc_column_text][vc_empty_space height=&#8221;40px&#8221;][\/vc_column_inner][vc_column_inner width=&#8221;1\/3&#8243;][vc_widget_sidebar sidebar_id=&#8221;Menu Capitulos&#8221;][\/vc_column_inner][\/vc_row_inner][\/vc_column][\/vc_row][vc_row css_animation=&#8221;&#8221; row_type=&#8221;row&#8221; use_row_as_full_screen_section=&#8221;no&#8221; type=&#8221;full_width&#8221; angled_section=&#8221;no&#8221; text_align=&#8221;left&#8221; background_image_as_pattern=&#8221;without_pattern&#8221;][vc_column][vc_empty_space height=&#8221;120px&#8221;][vc_single_image image=&#8221;112&#8243; img_size=&#8221;full&#8221; alignment=&#8221;center&#8221; qode_css_animation=&#8221;&#8221;][vc_empty_space height=&#8221;60px&#8221;][\/vc_column][\/vc_row]<\/p>\n","protected":false},"excerpt":{"rendered":"<p>[vc_row css_animation=&#8221;&#8221; row_type=&#8221;row&#8221; use_row_as_full_screen_section=&#8221;no&#8221; type=&#8221;full_width&#8221; angled_section=&#8221;no&#8221; text_align=&#8221;left&#8221; background_image_as_pattern=&#8221;without_pattern&#8221;][vc_column offset=&#8221;vc_hidden-sm vc_hidden-xs&#8221;][vc_empty_space height=&#8221;50px&#8221;][vc_row_inner row_type=&#8221;row&#8221; type=&#8221;grid&#8221; text_align=&#8221;left&#8221; css_animation=&#8221;&#8221;][vc_column_inner width=&#8221;2\/3&#8243;][vc_single_image image=&#8221;438&#8243; img_size=&#8221;full&#8221; qode_css_animation=&#8221;element_from_fade&#8221; transition_delay=&#8221;1&#8243;][vc_empty_space][vc_column_text] Proeza constructiva en la escultura de Mimo Eidman [\/vc_column_text][vc_column_text]14 de Abril, 2022 | Cap\u00edtulo 20[\/vc_column_text][vc_empty_space][vc_column_text]Por Marcelo Nieto[\/vc_column_text][vc_empty_space][vc_column_text el_class=&#8221;parrafo&#8221;] Mimo Eidman naci\u00f3 en Buenos Aires. Desde&#8230;<\/p>\n","protected":false},"author":1,"featured_media":0,"parent":0,"menu_order":0,"comment_status":"closed","ping_status":"closed","template":"full_width.php","meta":{"footnotes":""},"class_list":["post-436","page","type-page","status-publish","hentry"],"_links":{"self":[{"href":"http:\/\/www.fundacionurunday.org\/lae\/wp-json\/wp\/v2\/pages\/436","targetHints":{"allow":["GET"]}}],"collection":[{"href":"http:\/\/www.fundacionurunday.org\/lae\/wp-json\/wp\/v2\/pages"}],"about":[{"href":"http:\/\/www.fundacionurunday.org\/lae\/wp-json\/wp\/v2\/types\/page"}],"author":[{"embeddable":true,"href":"http:\/\/www.fundacionurunday.org\/lae\/wp-json\/wp\/v2\/users\/1"}],"replies":[{"embeddable":true,"href":"http:\/\/www.fundacionurunday.org\/lae\/wp-json\/wp\/v2\/comments?post=436"}],"version-history":[{"count":7,"href":"http:\/\/www.fundacionurunday.org\/lae\/wp-json\/wp\/v2\/pages\/436\/revisions"}],"predecessor-version":[{"id":446,"href":"http:\/\/www.fundacionurunday.org\/lae\/wp-json\/wp\/v2\/pages\/436\/revisions\/446"}],"wp:attachment":[{"href":"http:\/\/www.fundacionurunday.org\/lae\/wp-json\/wp\/v2\/media?parent=436"}],"curies":[{"name":"wp","href":"https:\/\/api.w.org\/{rel}","templated":true}]}}