{"id":709,"date":"2023-09-01T17:48:06","date_gmt":"2023-09-01T20:48:06","guid":{"rendered":"http:\/\/www.fundacionurunday.org\/lae\/?page_id=709"},"modified":"2023-09-01T18:03:22","modified_gmt":"2023-09-01T21:03:22","slug":"capitulo-30-6-cimentar-una-ciudad-mimo-eidman","status":"publish","type":"page","link":"http:\/\/www.fundacionurunday.org\/lae\/capitulo-30-6-cimentar-una-ciudad-mimo-eidman\/","title":{"rendered":"Cap\u00edtulo 30.6 &#8211; Cimentar una ciudad. Mimo Eidman."},"content":{"rendered":"<p>[vc_row css_animation=&#8221;&#8221; row_type=&#8221;row&#8221; use_row_as_full_screen_section=&#8221;no&#8221; type=&#8221;full_width&#8221; angled_section=&#8221;no&#8221; text_align=&#8221;left&#8221; background_image_as_pattern=&#8221;without_pattern&#8221;][vc_column offset=&#8221;vc_hidden-sm vc_hidden-xs&#8221;][vc_empty_space height=&#8221;50px&#8221;][vc_row_inner row_type=&#8221;row&#8221; type=&#8221;grid&#8221; text_align=&#8221;left&#8221; css_animation=&#8221;&#8221;][vc_column_inner width=&#8221;2\/3&#8243;][vc_single_image image=&#8221;712&#8243; img_size=&#8221;full&#8221; qode_css_animation=&#8221;element_from_fade&#8221; transition_delay=&#8221;1&#8243;][vc_empty_space][vc_column_text]<\/p>\n<h2><strong>Cimentar una ciudad. Mimo Eidman.<\/strong><\/h2>\n<p>[\/vc_column_text][vc_column_text]<span style=\"color: #999999; font-family: Lato; font-size: 12px;\">01 de septiembre, 2023 | Cap\u00edtulo 30.6<\/span>[\/vc_column_text][vc_empty_space][vc_column_text el_class=&#8221;parrafo&#8221;]<\/p>\n<p style=\"font-size: 18px;\">A lo largo de cinco ediciones, cinco encuentros y conversaciones, la Fundaci\u00f3n Urunday continua estableciendo una relaci\u00f3n dial\u00f3gica entre los protagonistas que posibilitaron la llegada del calco del David. En \u00e9sta sexta edici\u00f3n, partiendo desde el seno \u00edntimo de la F.U, conversamos con Mimo Eidman, escultora argentina y directiva de la Fundaci\u00f3n Urunday.<\/p>\n<p>&nbsp;<\/p>\n<p style=\"font-size: 18px;\">Mimo es escultora argentina y arquitecta egresada de la Facultad de Arquitectura de la UNNE. Naci\u00f3 en Buenos Aires y desde 1963 reside en Resistencia, Chaco. Trabaja en el mundo escult\u00f3rico, por hacer del arte un bien de todos, hace m\u00e1s de 40 a\u00f1os mientras, en forma simult\u00e1nea, estudi\u00f3 t\u00e9cnicas escult\u00f3ricas en el taller de su maestro y amigo Fabriciano. Desde 1984 recibe importantes premios y realiza muestras colectivas e individuales en museos, salones y concursos del pa\u00eds y del exterior. Poseen sus obras colecciones privadas y p\u00fablicas, nacionales y extranjeras como as\u00ed tambi\u00e9n, obras de gran tama\u00f1o en museos al aire libre. Una de sus obras emblem\u00e1ticas \u201cCuando Cantaba el Novik\u00e9\u201d (2014) realizada en hierro, es un icono de nuestra ciudad, est\u00e1 emplazada en la intersecci\u00f3n de Av. Sarmiento y Ruta Nicol\u00e1s Avellaneda y recibe a toda persona que ingrese a nuestra ciudad Resistencia, Chaco.<\/p>\n<p>&nbsp;<\/p>\n<p style=\"font-size: 18px;\">Actualmente se desempe\u00f1a como Directora Ejecutiva de la Bienal Internacional de Escultura &#8211; Resistencia, Chaco, Argentina.<\/p>\n<p>&nbsp;<\/p>\n<p style=\"font-size: 18px;\">Conversar con Mimo Eidman se asemeja al di\u00e1logo con un grande, alguien que es parte protag\u00f3nica de la historia y del quehacer de nuestra provincia. Con la atenci\u00f3n y la precisi\u00f3n que la destacan y, en el marco de la presentaci\u00f3n del calco del David en la Fundaci\u00f3n Urunday, establecimos una comunicaci\u00f3n con ella pero tambi\u00e9n escuchamos sus sentidas palabras de bienvenida a la tan esperada obra por todos los resistencianos.<\/p>\n<p>&nbsp;<\/p>\n<p style=\"font-size: 18px;\"><strong>Una escultura en di\u00e1logo<\/strong><\/p>\n<p>&nbsp;<\/p>\n<p style=\"font-size: 18px;\">Es un honor saber que el David acompa\u00f1ar\u00e1 a las esculturas de nuestra ciudad en el camino de la cimentaci\u00f3n de la identidad. Realmente es un privilegio que lo podamos tener con nosotros ya que este tipo de fen\u00f3menos culturales transforman las estructuras sociales. Sabemos que su presencia va a producir un gran impacto positivo en muchos sentidos. Esto tiene un valor multiplicado si cada uno de los sectores de la comunidad se ve beneficiado de alguna manera.<\/p>\n<p>&nbsp;<\/p>\n<p style=\"font-size: 18px;\"><strong>La necesidad de un emplazamiento<\/strong><\/p>\n<p>&nbsp;<\/p>\n<p style=\"font-size: 18px;\">Si fuera gobierno preparar\u00eda, desde todos los \u00e1ngulos, a la gente, a la ciudad y a la provincia para recibirlo, creando la infraestrucctura necesaria para aprovechar su presencia en toda su magnitud. Enfocarse en los educadores, en el sitio que lo va a recibir, en su entorno inmediato, en lugares de alojamiento y de comidas, porque el fen\u00f3meno que se produce en la bienal se multiplicar\u00e1 indiscutiblemente. Difundirlo en los pa\u00edses lim\u00edtrofes es una tarea que tambi\u00e9n deber\u00eda estar ocup\u00e1ndonos. \u00bfEstamos realmente preparados?<\/p>\n<p>&nbsp;<\/p>\n<p style=\"font-size: 18px;\"><strong>Fabriciano, un mentor<\/strong><\/p>\n<p>&nbsp;<\/p>\n<p style=\"font-size: 18px;\">Por otro lado me pregunto: \u00bfqui\u00e9n era verdaderamente Fabriciano? Porque a\u00fan despues de su \u00faltimo viaje, que ser\u00e1 eterno, habemos un grupo de &#8220;amigos que somos familia&#8221; dispuestos y convencidos a cumplir todos sus sue\u00f1os. Su muletilla era: &#8220;Yo no soy inteligente, soy intuitivo, pero tengo gente que me quiere y piensa por m\u00ed&#8221; En las habituales charlas, casi siempre le dec\u00eda: &#8220;sos un encantador de serpientes&#8221; y lo dec\u00eda porque \u00e9l ten\u00eda un gran poder de convicci\u00f3n. La generosidad, el bien com\u00fan, la perseverancia, hasta dir\u00eda el capricho, el altruismo, la gran pasi\u00f3n puesta de manifiesto en cada una de sus actividades, el arraigado sentido de no dejar pasar las oportunidades, el prohibir pensar en la palabra &#8220;imposible&#8221; y lo m\u00e1s convincente: su ejemplo. Nos convenci\u00f3 de que hay un mundo maravilloso por descubrir y que tenemos la obligaci\u00f3n de hacerlo. Nosotros, conociendolo, aceptamos de antemano ser convencidos.<\/p>\n<p>[\/vc_column_text][vc_empty_space][vc_single_image image=&#8221;710&#8243; img_size=&#8221;full&#8221; alignment=&#8221;center&#8221; qode_css_animation=&#8221;element_from_fade&#8221;][vc_empty_space height=&#8221;50px&#8221;][vc_column_text el_class=&#8221;parrafo&#8221;]<\/p>\n<p style=\"font-size: 18px;\"><em>Contenidos: Guido Moro y Virginia Quirelli<\/em><\/p>\n<p style=\"font-size: 18px;\"><em>Arte: Brian Ariel Dufek<\/em><\/p>\n<p style=\"font-size: 18px;\"><em>Editor: Marcelo Nieto<\/em><\/p>\n<p>[\/vc_column_text][vc_empty_space height=&#8221;40px&#8221;][\/vc_column_inner][vc_column_inner width=&#8221;1\/3&#8243;][vc_widget_sidebar sidebar_id=&#8221;Menu Capitulos&#8221;][\/vc_column_inner][\/vc_row_inner][\/vc_column][\/vc_row][vc_row css_animation=&#8221;&#8221; row_type=&#8221;row&#8221; use_row_as_full_screen_section=&#8221;no&#8221; type=&#8221;full_width&#8221; angled_section=&#8221;no&#8221; text_align=&#8221;left&#8221; background_image_as_pattern=&#8221;without_pattern&#8221;][vc_column offset=&#8221;vc_hidden-lg vc_hidden-md&#8221; css=&#8221;.vc_custom_1693602188913{padding-right: 10% !important;padding-left: 10% !important;}&#8221;][vc_empty_space height=&#8221;50px&#8221;][vc_row_inner row_type=&#8221;row&#8221; type=&#8221;full_width&#8221; text_align=&#8221;left&#8221; css_animation=&#8221;&#8221;][vc_column_inner width=&#8221;2\/3&#8243;][vc_single_image image=&#8221;712&#8243; img_size=&#8221;full&#8221; qode_css_animation=&#8221;element_from_fade&#8221; transition_delay=&#8221;1&#8243;][vc_empty_space][vc_column_text]<\/p>\n<h2><strong>Cimentar una ciudad. Mimo Eidman.<\/strong><\/h2>\n<p>[\/vc_column_text][vc_column_text]<span style=\"color: #999999; font-family: Lato; font-size: 12px;\">01 de septiembre, 2023 | Cap\u00edtulo 30.6<\/span>[\/vc_column_text][vc_empty_space][vc_column_text el_class=&#8221;parrafo&#8221;]<\/p>\n<p style=\"font-size: 18px;\">A lo largo de cinco ediciones, cinco encuentros y conversaciones, la Fundaci\u00f3n Urunday continua estableciendo una relaci\u00f3n dial\u00f3gica entre los protagonistas que posibilitaron la llegada del calco del David. En \u00e9sta sexta edici\u00f3n, partiendo desde el seno \u00edntimo de la F.U, conversamos con Mimo Eidman, escultora argentina y directiva de la Fundaci\u00f3n Urunday.<\/p>\n<p>&nbsp;<\/p>\n<p style=\"font-size: 18px;\">Mimo es escultora argentina y arquitecta egresada de la Facultad de Arquitectura de la UNNE. Naci\u00f3 en Buenos Aires y desde 1963 reside en Resistencia, Chaco. Trabaja en el mundo escult\u00f3rico, por hacer del arte un bien de todos, hace m\u00e1s de 40 a\u00f1os mientras, en forma simult\u00e1nea, estudi\u00f3 t\u00e9cnicas escult\u00f3ricas en el taller de su maestro y amigo Fabriciano. Desde 1984 recibe importantes premios y realiza muestras colectivas e individuales en museos, salones y concursos del pa\u00eds y del exterior. Poseen sus obras colecciones privadas y p\u00fablicas, nacionales y extranjeras como as\u00ed tambi\u00e9n, obras de gran tama\u00f1o en museos al aire libre. Una de sus obras emblem\u00e1ticas \u201cCuando Cantaba el Novik\u00e9\u201d (2014) realizada en hierro, es un icono de nuestra ciudad, est\u00e1 emplazada en la intersecci\u00f3n de Av. Sarmiento y Ruta Nicol\u00e1s Avellaneda y recibe a toda persona que ingrese a nuestra ciudad Resistencia, Chaco.<\/p>\n<p>&nbsp;<\/p>\n<p style=\"font-size: 18px;\">Actualmente se desempe\u00f1a como Directora Ejecutiva de la Bienal Internacional de Escultura &#8211; Resistencia, Chaco, Argentina.<\/p>\n<p>&nbsp;<\/p>\n<p style=\"font-size: 18px;\">Conversar con Mimo Eidman se asemeja al di\u00e1logo con un grande, alguien que es parte protag\u00f3nica de la historia y del quehacer de nuestra provincia. Con la atenci\u00f3n y la precisi\u00f3n que la destacan y, en el marco de la presentaci\u00f3n del calco del David en la Fundaci\u00f3n Urunday, establecimos una comunicaci\u00f3n con ella pero tambi\u00e9n escuchamos sus sentidas palabras de bienvenida a la tan esperada obra por todos los resistencianos.<\/p>\n<p>&nbsp;<\/p>\n<p style=\"font-size: 18px;\"><strong>Una escultura en di\u00e1logo<\/strong><\/p>\n<p>&nbsp;<\/p>\n<p style=\"font-size: 18px;\">Es un honor saber que el David acompa\u00f1ar\u00e1 a las esculturas de nuestra ciudad en el camino de la cimentaci\u00f3n de la identidad. Realmente es un privilegio que lo podamos tener con nosotros ya que este tipo de fen\u00f3menos culturales transforman las estructuras sociales. Sabemos que su presencia va a producir un gran impacto positivo en muchos sentidos. Esto tiene un valor multiplicado si cada uno de los sectores de la comunidad se ve beneficiado de alguna manera.<\/p>\n<p>&nbsp;<\/p>\n<p style=\"font-size: 18px;\"><strong>La necesidad de un emplazamiento<\/strong><\/p>\n<p>&nbsp;<\/p>\n<p style=\"font-size: 18px;\">Si fuera gobierno preparar\u00eda, desde todos los \u00e1ngulos, a la gente, a la ciudad y a la provincia para recibirlo, creando la infraestrucctura necesaria para aprovechar su presencia en toda su magnitud. Enfocarse en los educadores, en el sitio que lo va a recibir, en su entorno inmediato, en lugares de alojamiento y de comidas, porque el fen\u00f3meno que se produce en la bienal se multiplicar\u00e1 indiscutiblemente. Difundirlo en los pa\u00edses lim\u00edtrofes es una tarea que tambi\u00e9n deber\u00eda estar ocup\u00e1ndonos. \u00bfEstamos realmente preparados?<\/p>\n<p>&nbsp;<\/p>\n<p style=\"font-size: 18px;\"><strong>Fabriciano, un mentor<\/strong><\/p>\n<p>&nbsp;<\/p>\n<p style=\"font-size: 18px;\">Por otro lado me pregunto: \u00bfqui\u00e9n era verdaderamente Fabriciano? Porque a\u00fan despues de su \u00faltimo viaje, que ser\u00e1 eterno, habemos un grupo de &#8220;amigos que somos familia&#8221; dispuestos y convencidos a cumplir todos sus sue\u00f1os. Su muletilla era: &#8220;Yo no soy inteligente, soy intuitivo, pero tengo gente que me quiere y piensa por m\u00ed&#8221; En las habituales charlas, casi siempre le dec\u00eda: &#8220;sos un encantador de serpientes&#8221; y lo dec\u00eda porque \u00e9l ten\u00eda un gran poder de convicci\u00f3n. La generosidad, el bien com\u00fan, la perseverancia, hasta dir\u00eda el capricho, el altruismo, la gran pasi\u00f3n puesta de manifiesto en cada una de sus actividades, el arraigado sentido de no dejar pasar las oportunidades, el prohibir pensar en la palabra &#8220;imposible&#8221; y lo m\u00e1s convincente: su ejemplo. Nos convenci\u00f3 de que hay un mundo maravilloso por descubrir y que tenemos la obligaci\u00f3n de hacerlo. Nosotros, conociendolo, aceptamos de antemano ser convencidos.<\/p>\n<p>[\/vc_column_text][vc_empty_space][vc_single_image image=&#8221;710&#8243; img_size=&#8221;full&#8221; alignment=&#8221;center&#8221; qode_css_animation=&#8221;element_from_fade&#8221;][vc_empty_space height=&#8221;50px&#8221;][vc_column_text el_class=&#8221;parrafo&#8221;]<\/p>\n<p style=\"font-size: 18px;\"><em>Contenidos: Guido Moro y Virginia Quirelli<\/em><\/p>\n<p style=\"font-size: 18px;\"><em>Arte: Brian Ariel Dufek<\/em><\/p>\n<p style=\"font-size: 18px;\"><em>Editor: Marcelo Nieto<\/em><\/p>\n<p>[\/vc_column_text][vc_empty_space height=&#8221;40px&#8221;][\/vc_column_inner][vc_column_inner width=&#8221;1\/3&#8243;][vc_widget_sidebar sidebar_id=&#8221;Menu Capitulos&#8221;][\/vc_column_inner][\/vc_row_inner][\/vc_column][\/vc_row][vc_row css_animation=&#8221;&#8221; row_type=&#8221;row&#8221; use_row_as_full_screen_section=&#8221;no&#8221; type=&#8221;full_width&#8221; angled_section=&#8221;no&#8221; text_align=&#8221;left&#8221; background_image_as_pattern=&#8221;without_pattern&#8221;][vc_column][vc_empty_space height=&#8221;120px&#8221;][vc_single_image image=&#8221;112&#8243; img_size=&#8221;full&#8221; alignment=&#8221;center&#8221; qode_css_animation=&#8221;&#8221;][vc_empty_space height=&#8221;60px&#8221;][\/vc_column][\/vc_row]<\/p>\n","protected":false},"excerpt":{"rendered":"<p>[vc_row css_animation=&#8221;&#8221; row_type=&#8221;row&#8221; use_row_as_full_screen_section=&#8221;no&#8221; type=&#8221;full_width&#8221; angled_section=&#8221;no&#8221; text_align=&#8221;left&#8221; background_image_as_pattern=&#8221;without_pattern&#8221;][vc_column offset=&#8221;vc_hidden-sm vc_hidden-xs&#8221;][vc_empty_space height=&#8221;50px&#8221;][vc_row_inner row_type=&#8221;row&#8221; type=&#8221;grid&#8221; text_align=&#8221;left&#8221; css_animation=&#8221;&#8221;][vc_column_inner width=&#8221;2\/3&#8243;][vc_single_image image=&#8221;712&#8243; img_size=&#8221;full&#8221; qode_css_animation=&#8221;element_from_fade&#8221; transition_delay=&#8221;1&#8243;][vc_empty_space][vc_column_text] Cimentar una ciudad. Mimo Eidman. [\/vc_column_text][vc_column_text]01 de septiembre, 2023 | Cap\u00edtulo 30.6[\/vc_column_text][vc_empty_space][vc_column_text el_class=&#8221;parrafo&#8221;] A lo largo de cinco ediciones, cinco encuentros y conversaciones, la Fundaci\u00f3n&#8230;<\/p>\n","protected":false},"author":1,"featured_media":0,"parent":0,"menu_order":0,"comment_status":"closed","ping_status":"closed","template":"full_width.php","meta":{"footnotes":""},"class_list":["post-709","page","type-page","status-publish","hentry"],"_links":{"self":[{"href":"http:\/\/www.fundacionurunday.org\/lae\/wp-json\/wp\/v2\/pages\/709","targetHints":{"allow":["GET"]}}],"collection":[{"href":"http:\/\/www.fundacionurunday.org\/lae\/wp-json\/wp\/v2\/pages"}],"about":[{"href":"http:\/\/www.fundacionurunday.org\/lae\/wp-json\/wp\/v2\/types\/page"}],"author":[{"embeddable":true,"href":"http:\/\/www.fundacionurunday.org\/lae\/wp-json\/wp\/v2\/users\/1"}],"replies":[{"embeddable":true,"href":"http:\/\/www.fundacionurunday.org\/lae\/wp-json\/wp\/v2\/comments?post=709"}],"version-history":[{"count":3,"href":"http:\/\/www.fundacionurunday.org\/lae\/wp-json\/wp\/v2\/pages\/709\/revisions"}],"predecessor-version":[{"id":715,"href":"http:\/\/www.fundacionurunday.org\/lae\/wp-json\/wp\/v2\/pages\/709\/revisions\/715"}],"wp:attachment":[{"href":"http:\/\/www.fundacionurunday.org\/lae\/wp-json\/wp\/v2\/media?parent=709"}],"curies":[{"name":"wp","href":"https:\/\/api.w.org\/{rel}","templated":true}]}}